b. Suppose -3*o - 6 = 3*v, 0*o = o - 4*v + 2. Let h be (51/34)/(o/4). Determine p(h).
-9
Let h(p) = -p**2 - 7*p + 10. Suppose 6*l = 3*l - 120. Let j = l + 31. Give h(j).
-8
Let j be 174/15 + (-6)/(-15). Let m be ((-21)/6)/(-7)*j. Let i(b) = b**2 - 7*b + 6. Let k be i(m). Let s(w) = w - 7. Calculate s(k).
-7
Let w = -729 + 742. Let x(s) = 3*s - 32. What is x(w)?
7
Let y(g) = -12*g**2 - 2*g + 2. Suppose 0 = -21*c + 2 - 44. Determine y(c).
-42
Suppose -s + 2 = -3, -2*s = 2*b - 14. Suppose -d = -4*d. Let l(m) = d + 3*m**2 + b - 2*m - m**2 + 0*m. Determine l(3).
14
Let a(r) = 2*r**3 - 12*r**2 - 11*r + 10. Let k(y) = y**3 - y**2 - y. Let f(u) = -a(u) + 3*k(u). Give f(-8).
-10
Let o be 6/4*16/6. Let m(p) = 5*p + 1. Give m(o).
21
Let g(d) = d - 17. Let z be -51*(-2)/60*-10. Determine g(z).
-34
Let o(v) = v**3 - 6*v**2 + 5*v - 6. Suppose 0 = -z - 0*z + 5. Let m be -16 + z + 0 + 2. Let h = 14 + m. What is o(h)?
-6
Let a be (-4)/10 - (-4)/10. Let u(p) = p**2 + 100497 + p - 100501 + 0*p**2. Determine u(a).
-4
Let r(a) = a**3 + 12*a**2 - 67*a - 40. Let f be r(-16). Let s(n) = n**3 - 7*n**2 - 11*n + 9. Give s(f).
-15
Let f(b) = 5*b**2 + 8*b + 4. Suppose 5*s - 70*i + 30 = -65*i, -5*i + 16 = 2*s. Give f(s).
8
Let a(u) be the second derivative of -u**4/12 + 5*u**3/6 - 9*u**2/2 + 110*u. Calculate a(7).
-23
Suppose 5 = -7*r + 2*r. Let y(u) = 4*u**2 + u - 15*u**2 - 3*u**2. Calculate y(r).
-15
Let p(z) = 3*z - 2. Let x(l) = l**2 + 18*l - 28. Let g(r) = -6*p(r) + x(r). Determine g(0).
-16
Let h(a) be the second derivative of a**4/12 + a**3/2 - 7*a**2/2 + 83*a + 1. What is h(-6)?
11
Let r(y) = 1. Suppose 0 = 3*u - 3 - 6. Let t(x) = -x - 10. Let l be -1*(4 + 15/(-5)). Let z(p) = l*t(p) + u*r(p). Determine z(-6).
7
Suppose -n + 7 = -0*o - 3*o, 0 = -n + 4*o + 8. Let m = n + -6. Let c(t) = -8*t - 2. Give c(m).
14
Suppose 37*k - 46*k - 54 = 0. Let w(y) = y**2 + 4*y - 6. Determine w(k).
6
Suppose -v - 4*v + 30 = 0. Let w(r) = -r + 9 + 6*r - v*r. What is w(9)?
0
Let u(l) = -6*l**2 - 11*l - 28. Let h(m) = 7*m**2 + 12*m + 31. Let g(v) = -5*h(v) - 6*u(v). Calculate g(-4).
5
Suppose -2*w - 18 = -20. Let d(o) = -396*o - w - 4*o**2 + 396*o. Calculate d(1).
-5
Let h be (-6)/60 - (-33)/30. Let v(o) = -3 + 11 - h + o - 3. Give v(-7).
-3
Suppose -3 = -3*o + 2*o - l, 5*o + 2*l = 15. Let i(x) = 2 - 10*x**2 + x**3 + 6*x**2 + 0. Give i(o).
-7
Suppose -3*m + d + 14 = 2*d, 17 = 3*m - 2*d. Suppose 3 = -m*t + 28. Suppose 60 = 5*j - 3*c, -t*j + c + 34 = -16. Let y(a) = 2*a - 11. Give y(j).
7
Let q(w) be the first derivative of -2*w**2 - w - 289. Let d = 0 + 1. Give q(d).
-5
Suppose 2*p - 16 = 6*p. Let i be 6 - ((-12)/p - -1). Let r(x) = x**3 - 3*x**2 - 2*x + 3. Give r(i).
-5
Let w(y) = -y**2 + 53*y - 269. Let k be w(47). Let m(l) = -l**3 + 13*l**2 - 4*l - 2. Calculate m(k).
-54
Let c(b) = -b - 6. Let r be c(-4). Let k be 4/r - 0 - -3. Let w = 4 - k. Let f(g) = g**2 - 2*g - 4. Calculate f(w).
-1
Suppose -11*u + 7*u + 36 = 0. Let q(y) = 5 - 8*y + u*y + 0 - 2. Calculate q(-6).
-3
Let v(q) be the first derivative of q**3/3 + q**2/2 + 87. Give v(2).
6
Let x(k) = k**2 + 10*k + 5. Suppose 4*i + 50 = 14. Calculate x(i).
-4
Let w(n) = n**2 - 11*n + 25. Let a(o) = o**2 + 8*o - 122. Let z be a(-16). Give w(z).
-5
Let p(c) = -3*c + 15. Let t(v) = -v**2 - 40*v - 238. Let i be t(-33). Give p(i).
36
Let v(x) = 0 + 11 - 4*x**3 - 7*x + 10*x - 11 - 4*x**2. Calculate v(1).
-5
Suppose 7*i = -2*i + 18. Let y(s) = -s - 4*s**2 + i + 3*s**2 - 7*s - 8. What is y(-6)?
6
Let c(n) = 2*n**2 - 36*n + 88. Let f be c(15). Let v(o) = o**3 - 3*o**2 - 4*o - 3. Determine v(f).
-15
Suppose -3*a - 5*f + 75 = -0*a, -3*a = -3*f - 75. Suppose 13*p - a = 8*p. Let y(h) = -2*h + 6. What is y(p)?
-4
Suppose -g + 50 = 4*g. Let n be -1 - 0 - (-30)/g. Let m(v) = n - 2 - 2 - 2 + 4*v. What is m(6)?
20
Suppose -d - a = 4*d - 2, 2*d + 3*a - 6 = 0. Suppose -25*i + 20*i - 20 = d. Let y(x) = x**3 + 2*x**2 - x - 4. Determine y(i).
-32
Suppose 0 = -5*p + 3*q + q + 5, 4*p - 4 = -q. Let k(f) = 1. Let l(y) = 2*y + 6. Let c(x) = p*l(x) - 8*k(x). What is c(-3)?
-8
Suppose -5*v + 28 = -3*v. Let r be (-32)/v - 12/(-42). Let x(c) = 3 + c + c + c + 0. Calculate x(r).
-3
Let d(n) = 7*n - 8. Let z(o) = -6*o + 7. Let u(q) = -5*d(q) - 6*z(q). Determine u(0).
-2
Suppose -38 + 24 = 2*o. Let j(y) = -4*y + 9. Let l(z) be the third derivative of -z**4/12 + 2*z**3/3 + z**2. Let f(h) = o*l(h) + 3*j(h). Give f(1).
1
Let s(i) be the third derivative of -i**8/20160 + i**7/2520 + 7*i**6/720 + 17*i**5/60 + 14*i**2. Let c(f) be the third derivative of s(f). Calculate c(5).
-8
Let t(k) = -k**2 - 5 + k**2 + 18*k**2 - 17*k**2 + 13*k. Determine t(-13).
-5
Let o(c) = -c + 41. Let f(r) = r**3 - 17*r**2 + 14*r + 32. Let g be f(16). Calculate o(g).
41
Let g(x) = -x**2 - 6*x - 4. Suppose -4*o - 40 = -r, -o - 4*r + 9 = 2. Calculate g(o).
-31
Let b = 1480 - 1466. Let g(t) = -t**2 + 15*t - 19. Calculate g(b).
-5
Let p(d) = -d - 11. Suppose 4*r + 30 = -3*a - 17, 5*a = -5*r - 60. What is p(r)?
0
Let l(a) = a - 2. Let j(n) = -1. Let u(x) = 6*j(x) + l(x). Suppose -34*b - 2*o + 14 = -32*b, -3*b + o + 13 = 0. Determine u(b).
-3
Let l(h) be the third derivative of h**5/30 + h**4/12 + h**3/3 + 24*h**2 - 1. Determine l(-3).
14
Let p(g) = 43 + 3*g - 85 + 43. Suppose -5*x + 3*x + 4 = 0. Suppose 5*l + 3*u = x*u - 15, 2*l - 21 = 5*u. What is p(l)?
-5
Let l(x) = -x + 2 - 6 + 1. Let b(k) = k**3 - 6*k**2 - 5. Let n(u) = -u - 2. Let v be n(-8). Let m be b(v). Determine l(m).
2
Let v(y) be the first derivative of y**4/4 - 7*y**3/3 + y**2/2 + 10*y + 126. Determine v(7).
17
Suppose -100 = -86*m + 66*m. Let o(h) = h**3 - 7*h**2 + 3*h + 9. Determine o(m).
-26
Suppose 3*t + t + 19 = x, -5*x + t = -19. Let j(n) = 2*n - 2. Determine j(x).
4
Let w(i) = -i**2 - 8*i - 7. Let v = -74 + 97. Suppose -2*d = g + 16, 0*d + v = -3*d - g. What is w(d)?
0
Let j(k) = k + 4. Suppose -4*v - 28 = 3*x + 18, 2*v = x - 28. Give j(v).
-9
Let q(y) be the second derivative of y**4/12 + 5*y**3/6 + 3*y**2/2 + y. Let o(n) = -n + 2. Suppose 7*p - 20 = 29. Let u be o(p). Calculate q(u).
3
Suppose 2*h + 17 = -3*w + 11, -w = 3*h - 5. Let g(l) = l**3 - 4*l**2 + 3*l - 2. Calculate g(h).
-2
Let d(l) be the third derivative of -7*l**4/24 - l**3/6 + 28*l**2 - 1. Determine d(-1).
6
Let a(h) = -7*h**2 - h - 1. Let x = -63 - -66. Let l(z) = -4*z + 11. Let y be l(x). Calculate a(y).
-7
Let o(l) = 2*l**2 - l + 1. Let p(m) = 9*m**2 - 18*m - 9. Let t(j) = -4*o(j) + p(j). What is t(15)?
2
Let i(o) = 3*o**3 + 3*o**2 + 4*o + 1. Let g(m) = 17*m**3 + 14*m**2 + 19*m + 6. Let h(c) = 2*g(c) - 11*i(c). Calculate h(6).
1
Let r(s) = -16*s. Let m(k) = -k**2 - 4*k - 4. Let n be m(-3). Let l(y) = y. Let j(q) = n*r(q) - 12*l(q). Give j(2).
8
Let v(h) = 5*h**3 + 15*h**2 - 7*h + 33. Let y(c) = c**3 + 4*c**2 - 2*c + 8. Let a(n) = 2*v(n) - 9*y(n). What is a(6)?
18
Let i = 70 + -31. Suppose -11*r = -8*r - i. Let b(c) = -r*c + 15*c + 2*c**3 - 3*c**2 + 6*c**2. What is b(-2)?
-8
Let k(m) = -m**3 - 5*m**2 - 3*m + 3. Let r(w) = -w - 2. Let n be r(-6). Suppose -n*f + 53 = -11. Suppose 0*j - f = 3*z - 2*j, 3*j - 6 = 0. Calculate k(z).
-1
Let w(l) = 3 - 1 + 27*l + 3 - 2. Let r(y) = 6 - 7*y + 6 - 13. Let o(t) = -15*r(t) - 4*w(t). Calculate o(-5).
18
Suppose -4*w - 3*f = 46 + 101, 4*w = 5*f - 107. Let b = 29 + w. Let c(r) = r - 5. Determine c(b).
-9
Let j(p) = -5*p - 4. Let d(u) be the first derivative of 7*u + 6 + 9/2*u**2. Let w(l) = 4*d(l) + 7*j(l). Give w(-6).
-6
Let q(g) = g**3 - 8*g**2 - 8*g - 5. Suppose 4*c + 36 = 4*k, -3*c - k - 1 = 10. Let j = c - -14. Determine q(j).
4
Let n(s) = -6*s - 5. Suppose -f + 3*a + 6 = f, 3*a = 5*f + 3. Determine n(f).
13
Let w(z) = z**3 - z**2 + 1. Let n(q) = -q - 1. Let u be n(-3). Suppose -2*x + 0*x + 4*k = 8, 0 = x + u*k - 4. Calculate w(x).
1
Let l(m) = -4*m + 21. Let s be 155/(-55) - -3 - (-86)/11. Determine l(s).
-11
Let i(u) = u - 3. Suppose 17 = -152*d + 153*d. What is i(d)?
14
Let g(x) = 6*x + 2. Let y(m) = 7*m + 1. Let h(v) = -6*g(v) + 5*y(v). Let d = 5 + -2. Suppose 0 = d*s + 12 + 3. What is h(s)?
-2
Suppose -93 + 99 = -6*t. Let z(k) = 6*k**3 + k**2 + k + 1. What is z(t)?
-5
Let l(c) = c**3 + 6*c**2 + 7*c + 3. Let i be l(-3). Let g = -7 + i. Let z(m) be the second derivative of m**4/12 - m**3/3 + m**2/2 - 3*m. What is z(g)?
1